{"id":1051,"date":"2019-01-05T19:33:43","date_gmt":"2019-01-05T18:33:43","guid":{"rendered":"https:\/\/www.wenxt.com\/?page_id=1051"},"modified":"2019-06-25T17:01:43","modified_gmt":"2019-06-25T16:01:43","slug":"acceleration-commerciale","status":"publish","type":"page","link":"https:\/\/www.wenxt.com\/index.php\/fr\/acceleration-commerciale\/","title":{"rendered":"Acc\u00e9l\u00e9ration Commerciale"},"content":{"rendered":"\n\t\t<style type=\"text\/css\">\n\t\t\t#gallery-1 {\n\t\t\t\tmargin: auto;\n\t\t\t}\n\t\t\t#gallery-1 .gallery-item {\n\t\t\t\tfloat: left;\n\t\t\t\tmargin-top: 10px;\n\t\t\t\ttext-align: center;\n\t\t\t\twidth: 33%;\n\t\t\t}\n\t\t\t#gallery-1 img {\n\t\t\t\tborder: 2px solid #cfcfcf;\n\t\t\t}\n\t\t\t#gallery-1 .gallery-caption {\n\t\t\t\tmargin-left: 0;\n\t\t\t}\n\t\t\t\/* see gallery_shortcode() in wp-includes\/media.php *\/\n\t\t<\/style>\n\t\t<div id='gallery-1' class='gallery galleryid-1051 gallery-columns-3 gallery-size-full'><dl class='gallery-item'>\n\t\t\t<dt class='gallery-icon landscape'>\n\t\t\t\t<img loading=\"lazy\" decoding=\"async\" width=\"500\" height=\"334\" src=\"https:\/\/www.wenxt.com\/wp-content\/uploads\/2019\/01\/shutterstock_671709127.jpg\" class=\"attachment-full size-full\" alt=\"\" aria-describedby=\"gallery-1-1080\" srcset=\"https:\/\/www.wenxt.com\/wp-content\/uploads\/2019\/01\/shutterstock_671709127.jpg 500w, https:\/\/www.wenxt.com\/wp-content\/uploads\/2019\/01\/shutterstock_671709127-300x200.jpg 300w\" sizes=\"auto, (max-width: 500px) 100vw, 500px\" \/>\n\t\t\t<\/dt>\n\t\t\t\t<dd class='wp-caption-text gallery-caption' id='gallery-1-1080'>\n\t\t\t\t<a href=\"https:\/\/www.wenxt.com\/index.php\/fr\/services-dacceleration-commerciale\/audit\/\"><strong>Audit de Croissance<\/strong><\/a>\n\t\t\t\t<\/dd><\/dl><dl class='gallery-item'>\n\t\t\t<dt class='gallery-icon landscape'>\n\t\t\t\t<img loading=\"lazy\" decoding=\"async\" width=\"500\" height=\"334\" src=\"https:\/\/www.wenxt.com\/wp-content\/uploads\/2019\/01\/shutterstock_94314028.jpg\" class=\"attachment-full size-full\" alt=\"\" aria-describedby=\"gallery-1-1081\" srcset=\"https:\/\/www.wenxt.com\/wp-content\/uploads\/2019\/01\/shutterstock_94314028.jpg 500w, https:\/\/www.wenxt.com\/wp-content\/uploads\/2019\/01\/shutterstock_94314028-300x200.jpg 300w\" sizes=\"auto, (max-width: 500px) 100vw, 500px\" \/>\n\t\t\t<\/dt>\n\t\t\t\t<dd class='wp-caption-text gallery-caption' id='gallery-1-1081'>\n\t\t\t\t<a href=\"https:\/\/www.wenxt.com\/index.php\/fr\/services-dacceleration-commerciale\/strategie\/\"><strong>Strat\u00e9gie<\/strong><\/a>\n\t\t\t\t<\/dd><\/dl><dl class='gallery-item'>\n\t\t\t<dt class='gallery-icon landscape'>\n\t\t\t\t<img loading=\"lazy\" decoding=\"async\" width=\"500\" height=\"334\" src=\"https:\/\/www.wenxt.com\/wp-content\/uploads\/2019\/01\/shutterstock_521629840.jpg\" class=\"attachment-full size-full\" alt=\"\" aria-describedby=\"gallery-1-1212\" srcset=\"https:\/\/www.wenxt.com\/wp-content\/uploads\/2019\/01\/shutterstock_521629840.jpg 500w, https:\/\/www.wenxt.com\/wp-content\/uploads\/2019\/01\/shutterstock_521629840-300x200.jpg 300w\" sizes=\"auto, (max-width: 500px) 100vw, 500px\" \/>\n\t\t\t<\/dt>\n\t\t\t\t<dd class='wp-caption-text gallery-caption' id='gallery-1-1212'>\n\t\t\t\t<a href=\"https:\/\/www.wenxt.com\/index.php\/fr\/services-dacceleration-commerciale\/offre\/\"><strong>Portefeuille d&rsquo;Offre<\/strong><\/a>\n\t\t\t\t<\/dd><\/dl><br style=\"clear: both\" \/><dl class='gallery-item'>\n\t\t\t<dt class='gallery-icon landscape'>\n\t\t\t\t<img loading=\"lazy\" decoding=\"async\" width=\"500\" height=\"334\" src=\"https:\/\/www.wenxt.com\/wp-content\/uploads\/2019\/01\/shutterstock_582905629.jpg\" class=\"attachment-full size-full\" alt=\"\" aria-describedby=\"gallery-1-1269\" srcset=\"https:\/\/www.wenxt.com\/wp-content\/uploads\/2019\/01\/shutterstock_582905629.jpg 500w, https:\/\/www.wenxt.com\/wp-content\/uploads\/2019\/01\/shutterstock_582905629-300x200.jpg 300w\" sizes=\"auto, (max-width: 500px) 100vw, 500px\" \/>\n\t\t\t<\/dt>\n\t\t\t\t<dd class='wp-caption-text gallery-caption' id='gallery-1-1269'>\n\t\t\t\t<a href=\"https:\/\/www.wenxt.com\/index.php\/fr\/services-dacceleration-commerciale\/concurrence\/\"><strong>Positionnement Concurrentiel<\/strong>\n\t\t\t\t<\/dd><\/dl><dl class='gallery-item'>\n\t\t\t<dt class='gallery-icon landscape'>\n\t\t\t\t<img loading=\"lazy\" decoding=\"async\" width=\"500\" height=\"334\" src=\"https:\/\/www.wenxt.com\/wp-content\/uploads\/2018\/06\/shutterstock_682997779.jpg\" class=\"attachment-full size-full\" alt=\"Proposition de Valeur\" aria-describedby=\"gallery-1-1433\" srcset=\"https:\/\/www.wenxt.com\/wp-content\/uploads\/2018\/06\/shutterstock_682997779.jpg 500w, https:\/\/www.wenxt.com\/wp-content\/uploads\/2018\/06\/shutterstock_682997779-300x200.jpg 300w\" sizes=\"auto, (max-width: 500px) 100vw, 500px\" \/>\n\t\t\t<\/dt>\n\t\t\t\t<dd class='wp-caption-text gallery-caption' id='gallery-1-1433'>\n\t\t\t\t<a href=\"https:\/\/www.wenxt.com\/index.php\/fr\/acceleration-commerciale\/proposition-de-valeur\/\"><strong>Proposition de Valeur<\/strong><\/a>\n\t\t\t\t<\/dd><\/dl><dl class='gallery-item'>\n\t\t\t<dt class='gallery-icon landscape'>\n\t\t\t\t<img loading=\"lazy\" decoding=\"async\" width=\"500\" height=\"334\" src=\"https:\/\/www.wenxt.com\/wp-content\/uploads\/2018\/06\/shutterstock_559465480.jpg\" class=\"attachment-full size-full\" alt=\"Business Model et Pricing\" aria-describedby=\"gallery-1-1435\" srcset=\"https:\/\/www.wenxt.com\/wp-content\/uploads\/2018\/06\/shutterstock_559465480.jpg 500w, https:\/\/www.wenxt.com\/wp-content\/uploads\/2018\/06\/shutterstock_559465480-300x200.jpg 300w\" sizes=\"auto, (max-width: 500px) 100vw, 500px\" \/>\n\t\t\t<\/dt>\n\t\t\t\t<dd class='wp-caption-text gallery-caption' id='gallery-1-1435'>\n\t\t\t\t<a href=\"https:\/\/www.wenxt.com\/index.php\/fr\/acceleration-commerciale\/business-model-et-pricing\/\"><strong>Business Model &amp; Pricing<\/strong><\/a>\n\t\t\t\t<\/dd><\/dl><br style=\"clear: both\" \/><dl class='gallery-item'>\n\t\t\t<dt class='gallery-icon landscape'>\n\t\t\t\t<img loading=\"lazy\" decoding=\"async\" width=\"500\" height=\"334\" src=\"https:\/\/www.wenxt.com\/wp-content\/uploads\/2018\/06\/shutterstock_431666989.jpg\" class=\"attachment-full size-full\" alt=\"Planification Budg\u00e9taire\" aria-describedby=\"gallery-1-1437\" srcset=\"https:\/\/www.wenxt.com\/wp-content\/uploads\/2018\/06\/shutterstock_431666989.jpg 500w, https:\/\/www.wenxt.com\/wp-content\/uploads\/2018\/06\/shutterstock_431666989-300x200.jpg 300w\" sizes=\"auto, (max-width: 500px) 100vw, 500px\" \/>\n\t\t\t<\/dt>\n\t\t\t\t<dd class='wp-caption-text gallery-caption' id='gallery-1-1437'>\n\t\t\t\t<a href=\"https:\/\/www.wenxt.com\/index.php\/fr\/acceleration-commerciale\/planification-budgetaire\/\"><strong>Planification Budg\u00e9taire<\/strong><\/a>\n\t\t\t\t<\/dd><\/dl><dl class='gallery-item'>\n\t\t\t<dt class='gallery-icon landscape'>\n\t\t\t\t<img loading=\"lazy\" decoding=\"async\" width=\"500\" height=\"334\" src=\"https:\/\/www.wenxt.com\/wp-content\/uploads\/2018\/06\/shutterstock_568005571.jpg\" class=\"attachment-full size-full\" alt=\"Couverture Commerciale et Canaux\" aria-describedby=\"gallery-1-1439\" srcset=\"https:\/\/www.wenxt.com\/wp-content\/uploads\/2018\/06\/shutterstock_568005571.jpg 500w, https:\/\/www.wenxt.com\/wp-content\/uploads\/2018\/06\/shutterstock_568005571-300x200.jpg 300w\" sizes=\"auto, (max-width: 500px) 100vw, 500px\" \/>\n\t\t\t<\/dt>\n\t\t\t\t<dd class='wp-caption-text gallery-caption' id='gallery-1-1439'>\n\t\t\t\t<a href=\"https:\/\/www.wenxt.com\/index.php\/fr\/acceleration-commerciale\/couverture-commerciale-et-canaux\/\"><strong>Couverture Commerciale et Canaux<\/strong><\/a>\n\t\t\t\t<\/dd><\/dl><dl class='gallery-item'>\n\t\t\t<dt class='gallery-icon landscape'>\n\t\t\t\t<img loading=\"lazy\" decoding=\"async\" width=\"500\" height=\"334\" src=\"https:\/\/www.wenxt.com\/wp-content\/uploads\/2018\/12\/shutterstock_379298266.jpg\" class=\"attachment-full size-full\" alt=\"G\u00e9n\u00e9ration de Leads\" aria-describedby=\"gallery-1-1440\" srcset=\"https:\/\/www.wenxt.com\/wp-content\/uploads\/2018\/12\/shutterstock_379298266.jpg 500w, https:\/\/www.wenxt.com\/wp-content\/uploads\/2018\/12\/shutterstock_379298266-300x200.jpg 300w\" sizes=\"auto, (max-width: 500px) 100vw, 500px\" \/>\n\t\t\t<\/dt>\n\t\t\t\t<dd class='wp-caption-text gallery-caption' id='gallery-1-1440'>\n\t\t\t\t<a href=\"https:\/\/www.wenxt.com\/index.php\/fr\/acceleration-commerciale\/generation-de-leads\/\"><strong>G\u00e9n\u00e9ration de Leads<\/strong><\/a>\n\t\t\t\t<\/dd><\/dl><br style=\"clear: both\" \/><dl class='gallery-item'>\n\t\t\t<dt class='gallery-icon landscape'>\n\t\t\t\t<img loading=\"lazy\" decoding=\"async\" width=\"500\" height=\"334\" src=\"https:\/\/www.wenxt.com\/wp-content\/uploads\/2019\/06\/shutterstock_547734928.jpg\" class=\"attachment-full size-full\" alt=\"Management des Ventes\" aria-describedby=\"gallery-1-1429\" srcset=\"https:\/\/www.wenxt.com\/wp-content\/uploads\/2019\/06\/shutterstock_547734928.jpg 500w, https:\/\/www.wenxt.com\/wp-content\/uploads\/2019\/06\/shutterstock_547734928-300x200.jpg 300w\" sizes=\"auto, (max-width: 500px) 100vw, 500px\" \/>\n\t\t\t<\/dt>\n\t\t\t\t<dd class='wp-caption-text gallery-caption' id='gallery-1-1429'>\n\t\t\t\t<a href=\"https:\/\/www.wenxt.com\/index.php\/fr\/acceleration-commerciale\/management-des-ventes\/\"><strong>Management des Ventes<\/strong><\/a>\n\t\t\t\t<\/dd><\/dl><dl class='gallery-item'>\n\t\t\t<dt class='gallery-icon landscape'>\n\t\t\t\t<img loading=\"lazy\" decoding=\"async\" width=\"500\" height=\"334\" src=\"https:\/\/www.wenxt.com\/wp-content\/uploads\/2018\/06\/shutterstock_548868595.jpg\" class=\"attachment-full size-full\" alt=\"M\u00e9thodes de Vente et Formation\" aria-describedby=\"gallery-1-1460\" srcset=\"https:\/\/www.wenxt.com\/wp-content\/uploads\/2018\/06\/shutterstock_548868595.jpg 500w, https:\/\/www.wenxt.com\/wp-content\/uploads\/2018\/06\/shutterstock_548868595-300x200.jpg 300w\" sizes=\"auto, (max-width: 500px) 100vw, 500px\" \/>\n\t\t\t<\/dt>\n\t\t\t\t<dd class='wp-caption-text gallery-caption' id='gallery-1-1460'>\n\t\t\t\t<a href=\"https:\/\/www.wenxt.com\/index.php\/fr\/acceleration-commerciale\/methodes-de-vente-et-formation\/\"><strong>M\u00e9thodes de Vente et Formation<\/strong><\/a>\n\t\t\t\t<\/dd><\/dl><dl class='gallery-item'>\n\t\t\t<dt class='gallery-icon landscape'>\n\t\t\t\t<img loading=\"lazy\" decoding=\"async\" width=\"500\" height=\"334\" src=\"https:\/\/www.wenxt.com\/wp-content\/uploads\/2018\/06\/shutterstock_565647823.jpg\" class=\"attachment-full size-full\" alt=\"Gestion de Pipeline\" aria-describedby=\"gallery-1-1458\" srcset=\"https:\/\/www.wenxt.com\/wp-content\/uploads\/2018\/06\/shutterstock_565647823.jpg 500w, https:\/\/www.wenxt.com\/wp-content\/uploads\/2018\/06\/shutterstock_565647823-300x200.jpg 300w\" sizes=\"auto, (max-width: 500px) 100vw, 500px\" \/>\n\t\t\t<\/dt>\n\t\t\t\t<dd class='wp-caption-text gallery-caption' id='gallery-1-1458'>\n\t\t\t\t<a href=\"https:\/\/www.wenxt.com\/index.php\/fr\/acceleration-commerciale\/gestion-de-pipeline\/\"><strong>Gestion de Pipeline<\/strong><\/a>\n\t\t\t\t<\/dd><\/dl><br style=\"clear: both\" \/><dl class='gallery-item'>\n\t\t\t<dt class='gallery-icon landscape'>\n\t\t\t\t<img loading=\"lazy\" decoding=\"async\" width=\"500\" height=\"327\" src=\"https:\/\/www.wenxt.com\/wp-content\/uploads\/2018\/06\/shutterstock_394731190.jpg\" class=\"attachment-full size-full\" alt=\"Gestion de Forecast\" aria-describedby=\"gallery-1-1467\" srcset=\"https:\/\/www.wenxt.com\/wp-content\/uploads\/2018\/06\/shutterstock_394731190.jpg 500w, https:\/\/www.wenxt.com\/wp-content\/uploads\/2018\/06\/shutterstock_394731190-300x196.jpg 300w\" sizes=\"auto, (max-width: 500px) 100vw, 500px\" \/>\n\t\t\t<\/dt>\n\t\t\t\t<dd class='wp-caption-text gallery-caption' id='gallery-1-1467'>\n\t\t\t\t<a href=\"https:\/\/www.wenxt.com\/index.php\/fr\/acceleration-commerciale\/gestion-de-forecast\/\"><strong>Gestion de Forecast<\/strong><\/a>\n\t\t\t\t<\/dd><\/dl><dl class='gallery-item'>\n\t\t\t<dt class='gallery-icon landscape'>\n\t\t\t\t<img loading=\"lazy\" decoding=\"async\" width=\"500\" height=\"334\" src=\"https:\/\/www.wenxt.com\/wp-content\/uploads\/2018\/06\/shutterstock_524062729.jpg\" class=\"attachment-full size-full\" alt=\"Gestion de Compte\" aria-describedby=\"gallery-1-1473\" srcset=\"https:\/\/www.wenxt.com\/wp-content\/uploads\/2018\/06\/shutterstock_524062729.jpg 500w, https:\/\/www.wenxt.com\/wp-content\/uploads\/2018\/06\/shutterstock_524062729-300x200.jpg 300w\" sizes=\"auto, (max-width: 500px) 100vw, 500px\" \/>\n\t\t\t<\/dt>\n\t\t\t\t<dd class='wp-caption-text gallery-caption' id='gallery-1-1473'>\n\t\t\t\t<a href=\"https:\/\/www.wenxt.com\/index.php\/fr\/acceleration-commerciale\/gestion-de-compte\/\"><strong>Gestion de Compte<\/strong><\/a>\n\t\t\t\t<\/dd><\/dl><dl class='gallery-item'>\n\t\t\t<dt class='gallery-icon landscape'>\n\t\t\t\t<img loading=\"lazy\" decoding=\"async\" width=\"500\" height=\"334\" src=\"https:\/\/www.wenxt.com\/wp-content\/uploads\/2018\/06\/shutterstock_322241804.jpg\" class=\"attachment-full size-full\" alt=\"Gestion d&#039;Opportunit\u00e9\" aria-describedby=\"gallery-1-1481\" srcset=\"https:\/\/www.wenxt.com\/wp-content\/uploads\/2018\/06\/shutterstock_322241804.jpg 500w, https:\/\/www.wenxt.com\/wp-content\/uploads\/2018\/06\/shutterstock_322241804-300x200.jpg 300w\" sizes=\"auto, (max-width: 500px) 100vw, 500px\" \/>\n\t\t\t<\/dt>\n\t\t\t\t<dd class='wp-caption-text gallery-caption' id='gallery-1-1481'>\n\t\t\t\t<a href=\"https:\/\/www.wenxt.com\/index.php\/fr\/acceleration-commerciale\/gestion-dopportunite\/\"><strong>Gestion d&rsquo;Opportunit\u00e9<\/strong><\/a>\n\t\t\t\t<\/dd><\/dl><br style=\"clear: both\" \/><dl class='gallery-item'>\n\t\t\t<dt class='gallery-icon landscape'>\n\t\t\t\t<img loading=\"lazy\" decoding=\"async\" width=\"500\" height=\"334\" src=\"https:\/\/www.wenxt.com\/wp-content\/uploads\/2018\/06\/shutterstock_320667095.jpg\" class=\"attachment-full size-full\" alt=\"N\u00e9gociation d\u2019Affaire\" aria-describedby=\"gallery-1-1489\" srcset=\"https:\/\/www.wenxt.com\/wp-content\/uploads\/2018\/06\/shutterstock_320667095.jpg 500w, https:\/\/www.wenxt.com\/wp-content\/uploads\/2018\/06\/shutterstock_320667095-300x200.jpg 300w\" sizes=\"auto, (max-width: 500px) 100vw, 500px\" \/>\n\t\t\t<\/dt>\n\t\t\t\t<dd class='wp-caption-text gallery-caption' id='gallery-1-1489'>\n\t\t\t\t<a href=\"https:\/\/www.wenxt.com\/index.php\/fr\/acceleration-commerciale\/negociation-d-affaire\/\"><strong>N\u00e9gociation d\u2019Affaire<\/strong><\/a>\n\t\t\t\t<\/dd><\/dl><dl class='gallery-item'>\n\t\t\t<dt class='gallery-icon landscape'>\n\t\t\t\t<img loading=\"lazy\" decoding=\"async\" width=\"500\" height=\"334\" src=\"https:\/\/www.wenxt.com\/wp-content\/uploads\/2018\/06\/shutterstock_662650492.jpg\" class=\"attachment-full size-full\" alt=\"Cl\u00f4ture de Deal\" aria-describedby=\"gallery-1-1493\" srcset=\"https:\/\/www.wenxt.com\/wp-content\/uploads\/2018\/06\/shutterstock_662650492.jpg 500w, https:\/\/www.wenxt.com\/wp-content\/uploads\/2018\/06\/shutterstock_662650492-300x200.jpg 300w\" sizes=\"auto, (max-width: 500px) 100vw, 500px\" \/>\n\t\t\t<\/dt>\n\t\t\t\t<dd class='wp-caption-text gallery-caption' id='gallery-1-1493'>\n\t\t\t\t<a href=\"https:\/\/www.wenxt.com\/index.php\/fr\/acceleration-commerciale\/cloture-de-deal\/\"><strong>Cl\u00f4ture de Deal<\/strong><\/a>\n\t\t\t\t<\/dd><\/dl><dl class='gallery-item'>\n\t\t\t<dt class='gallery-icon landscape'>\n\t\t\t\t<img loading=\"lazy\" decoding=\"async\" width=\"4200\" height=\"2800\" src=\"https:\/\/www.wenxt.com\/wp-content\/uploads\/2018\/12\/shutterstock_361845191.jpg\" class=\"attachment-full size-full\" alt=\"Int\u00e9rim Management\" aria-describedby=\"gallery-1-1500\" srcset=\"https:\/\/www.wenxt.com\/wp-content\/uploads\/2018\/12\/shutterstock_361845191.jpg 4200w, https:\/\/www.wenxt.com\/wp-content\/uploads\/2018\/12\/shutterstock_361845191-300x200.jpg 300w, https:\/\/www.wenxt.com\/wp-content\/uploads\/2018\/12\/shutterstock_361845191-768x512.jpg 768w, https:\/\/www.wenxt.com\/wp-content\/uploads\/2018\/12\/shutterstock_361845191-1024x683.jpg 1024w\" sizes=\"auto, (max-width: 4200px) 100vw, 4200px\" \/>\n\t\t\t<\/dt>\n\t\t\t\t<dd class='wp-caption-text gallery-caption' id='gallery-1-1500'>\n\t\t\t\t<a href=\"https:\/\/www.wenxt.com\/index.php\/fr\/acceleration-commerciale\/interim-management\/\"><strong>Interim Management<\/strong><\/a>\n\t\t\t\t<\/dd><\/dl><br style=\"clear: both\" \/>\n\t\t<\/div>\n\n\n\n<p><\/p>\n","protected":false},"excerpt":{"rendered":"","protected":false},"author":1,"featured_media":0,"parent":0,"menu_order":20,"comment_status":"closed","ping_status":"closed","template":"template\/template-contact.php","meta":{"content-type":"","footnotes":""},"class_list":["post-1051","page","type-page","status-publish","hentry"],"yoast_head":"<!-- This site is optimized with the Yoast SEO plugin v27.5 - https:\/\/yoast.com\/product\/yoast-seo-wordpress\/ -->\n<title>Acc\u00e9l\u00e9ration Commerciale - We::NXT consulting - Croissance<\/title>\n<meta name=\"description\" content=\"Strat\u00e9gie Commerciale, Conseil en D\u00e9veloppement des Ventes, Coaching Commercial, Services d&#039;Ex\u00e9cution Commerciale - pour vous aider \u00e0 Acc\u00e9l\u00e9rer vos Revenus\" \/>\n<meta name=\"robots\" content=\"index, follow, max-snippet:-1, max-image-preview:large, max-video-preview:-1\" \/>\n<link rel=\"canonical\" href=\"https:\/\/www.wenxt.com\/index.php\/fr\/acceleration-commerciale\/\" \/>\n<meta property=\"og:locale\" content=\"fr_FR\" \/>\n<meta property=\"og:type\" content=\"article\" \/>\n<meta property=\"og:title\" content=\"Acc\u00e9l\u00e9ration Commerciale - We::NXT consulting - Croissance\" \/>\n<meta property=\"og:description\" content=\"Strat\u00e9gie Commerciale, Conseil en D\u00e9veloppement des Ventes, Coaching Commercial, Services d&#039;Ex\u00e9cution Commerciale - pour vous aider \u00e0 Acc\u00e9l\u00e9rer vos Revenus\" \/>\n<meta property=\"og:url\" content=\"https:\/\/www.wenxt.com\/index.php\/fr\/acceleration-commerciale\/\" \/>\n<meta property=\"og:site_name\" content=\"We::NXT consulting\" \/>\n<meta property=\"article:modified_time\" content=\"2019-06-25T16:01:43+00:00\" \/>\n<meta property=\"og:image\" content=\"https:\/\/www.wenxt.com\/wp-content\/uploads\/2019\/01\/shutterstock_671709127.jpg\" \/>\n<meta name=\"twitter:card\" content=\"summary_large_image\" \/>\n<script type=\"application\/ld+json\" class=\"yoast-schema-graph\">{\"@context\":\"https:\\\/\\\/schema.org\",\"@graph\":[{\"@type\":\"WebPage\",\"@id\":\"https:\\\/\\\/www.wenxt.com\\\/index.php\\\/fr\\\/acceleration-commerciale\\\/\",\"url\":\"https:\\\/\\\/www.wenxt.com\\\/index.php\\\/fr\\\/acceleration-commerciale\\\/\",\"name\":\"Acc\u00e9l\u00e9ration Commerciale - We::NXT consulting - Croissance\",\"isPartOf\":{\"@id\":\"https:\\\/\\\/www.wenxt.com\\\/#website\"},\"datePublished\":\"2019-01-05T18:33:43+00:00\",\"dateModified\":\"2019-06-25T16:01:43+00:00\",\"description\":\"Strat\u00e9gie Commerciale, Conseil en D\u00e9veloppement des Ventes, Coaching Commercial, Services d'Ex\u00e9cution Commerciale - pour vous aider \u00e0 Acc\u00e9l\u00e9rer vos Revenus\",\"breadcrumb\":{\"@id\":\"https:\\\/\\\/www.wenxt.com\\\/index.php\\\/fr\\\/acceleration-commerciale\\\/#breadcrumb\"},\"inLanguage\":\"fr-FR\",\"potentialAction\":[{\"@type\":\"ReadAction\",\"target\":[\"https:\\\/\\\/www.wenxt.com\\\/index.php\\\/fr\\\/acceleration-commerciale\\\/\"]}]},{\"@type\":\"BreadcrumbList\",\"@id\":\"https:\\\/\\\/www.wenxt.com\\\/index.php\\\/fr\\\/acceleration-commerciale\\\/#breadcrumb\",\"itemListElement\":[{\"@type\":\"ListItem\",\"position\":1,\"name\":\"Home\",\"item\":\"https:\\\/\\\/www.wenxt.com\\\/\"},{\"@type\":\"ListItem\",\"position\":2,\"name\":\"Acc\u00e9l\u00e9ration Commerciale\"}]},{\"@type\":\"WebSite\",\"@id\":\"https:\\\/\\\/www.wenxt.com\\\/#website\",\"url\":\"https:\\\/\\\/www.wenxt.com\\\/\",\"name\":\"We::NXT consulting\",\"description\":\"Go-To-Market and Sales Acceleration\",\"publisher\":{\"@id\":\"https:\\\/\\\/www.wenxt.com\\\/#organization\"},\"potentialAction\":[{\"@type\":\"SearchAction\",\"target\":{\"@type\":\"EntryPoint\",\"urlTemplate\":\"https:\\\/\\\/www.wenxt.com\\\/?s={search_term_string}\"},\"query-input\":{\"@type\":\"PropertyValueSpecification\",\"valueRequired\":true,\"valueName\":\"search_term_string\"}}],\"inLanguage\":\"fr-FR\"},{\"@type\":\"Organization\",\"@id\":\"https:\\\/\\\/www.wenxt.com\\\/#organization\",\"name\":\"WE::NXT\",\"url\":\"https:\\\/\\\/www.wenxt.com\\\/\",\"logo\":{\"@type\":\"ImageObject\",\"inLanguage\":\"fr-FR\",\"@id\":\"https:\\\/\\\/www.wenxt.com\\\/#\\\/schema\\\/logo\\\/image\\\/\",\"url\":\"https:\\\/\\\/www.wenxt.com\\\/wp-content\\\/uploads\\\/2026\\\/01\\\/WENXT-long-zoom-10pct-png.png\",\"contentUrl\":\"https:\\\/\\\/www.wenxt.com\\\/wp-content\\\/uploads\\\/2026\\\/01\\\/WENXT-long-zoom-10pct-png.png\",\"width\":1041,\"height\":244,\"caption\":\"WE::NXT\"},\"image\":{\"@id\":\"https:\\\/\\\/www.wenxt.com\\\/#\\\/schema\\\/logo\\\/image\\\/\"}}]}<\/script>\n<!-- \/ Yoast SEO plugin. -->","yoast_head_json":{"title":"Acc\u00e9l\u00e9ration Commerciale - We::NXT consulting - Croissance","description":"Strat\u00e9gie Commerciale, Conseil en D\u00e9veloppement des Ventes, Coaching Commercial, Services d'Ex\u00e9cution Commerciale - pour vous aider \u00e0 Acc\u00e9l\u00e9rer vos Revenus","robots":{"index":"index","follow":"follow","max-snippet":"max-snippet:-1","max-image-preview":"max-image-preview:large","max-video-preview":"max-video-preview:-1"},"canonical":"https:\/\/www.wenxt.com\/index.php\/fr\/acceleration-commerciale\/","og_locale":"fr_FR","og_type":"article","og_title":"Acc\u00e9l\u00e9ration Commerciale - We::NXT consulting - Croissance","og_description":"Strat\u00e9gie Commerciale, Conseil en D\u00e9veloppement des Ventes, Coaching Commercial, Services d'Ex\u00e9cution Commerciale - pour vous aider \u00e0 Acc\u00e9l\u00e9rer vos Revenus","og_url":"https:\/\/www.wenxt.com\/index.php\/fr\/acceleration-commerciale\/","og_site_name":"We::NXT consulting","article_modified_time":"2019-06-25T16:01:43+00:00","og_image":[{"url":"https:\/\/www.wenxt.com\/wp-content\/uploads\/2019\/01\/shutterstock_671709127.jpg","type":"","width":"","height":""}],"twitter_card":"summary_large_image","schema":{"@context":"https:\/\/schema.org","@graph":[{"@type":"WebPage","@id":"https:\/\/www.wenxt.com\/index.php\/fr\/acceleration-commerciale\/","url":"https:\/\/www.wenxt.com\/index.php\/fr\/acceleration-commerciale\/","name":"Acc\u00e9l\u00e9ration Commerciale - We::NXT consulting - Croissance","isPartOf":{"@id":"https:\/\/www.wenxt.com\/#website"},"datePublished":"2019-01-05T18:33:43+00:00","dateModified":"2019-06-25T16:01:43+00:00","description":"Strat\u00e9gie Commerciale, Conseil en D\u00e9veloppement des Ventes, Coaching Commercial, Services d'Ex\u00e9cution Commerciale - pour vous aider \u00e0 Acc\u00e9l\u00e9rer vos Revenus","breadcrumb":{"@id":"https:\/\/www.wenxt.com\/index.php\/fr\/acceleration-commerciale\/#breadcrumb"},"inLanguage":"fr-FR","potentialAction":[{"@type":"ReadAction","target":["https:\/\/www.wenxt.com\/index.php\/fr\/acceleration-commerciale\/"]}]},{"@type":"BreadcrumbList","@id":"https:\/\/www.wenxt.com\/index.php\/fr\/acceleration-commerciale\/#breadcrumb","itemListElement":[{"@type":"ListItem","position":1,"name":"Home","item":"https:\/\/www.wenxt.com\/"},{"@type":"ListItem","position":2,"name":"Acc\u00e9l\u00e9ration Commerciale"}]},{"@type":"WebSite","@id":"https:\/\/www.wenxt.com\/#website","url":"https:\/\/www.wenxt.com\/","name":"We::NXT consulting","description":"Go-To-Market and Sales Acceleration","publisher":{"@id":"https:\/\/www.wenxt.com\/#organization"},"potentialAction":[{"@type":"SearchAction","target":{"@type":"EntryPoint","urlTemplate":"https:\/\/www.wenxt.com\/?s={search_term_string}"},"query-input":{"@type":"PropertyValueSpecification","valueRequired":true,"valueName":"search_term_string"}}],"inLanguage":"fr-FR"},{"@type":"Organization","@id":"https:\/\/www.wenxt.com\/#organization","name":"WE::NXT","url":"https:\/\/www.wenxt.com\/","logo":{"@type":"ImageObject","inLanguage":"fr-FR","@id":"https:\/\/www.wenxt.com\/#\/schema\/logo\/image\/","url":"https:\/\/www.wenxt.com\/wp-content\/uploads\/2026\/01\/WENXT-long-zoom-10pct-png.png","contentUrl":"https:\/\/www.wenxt.com\/wp-content\/uploads\/2026\/01\/WENXT-long-zoom-10pct-png.png","width":1041,"height":244,"caption":"WE::NXT"},"image":{"@id":"https:\/\/www.wenxt.com\/#\/schema\/logo\/image\/"}}]}},"_links":{"self":[{"href":"https:\/\/www.wenxt.com\/index.php\/wp-json\/wp\/v2\/pages\/1051","targetHints":{"allow":["GET"]}}],"collection":[{"href":"https:\/\/www.wenxt.com\/index.php\/wp-json\/wp\/v2\/pages"}],"about":[{"href":"https:\/\/www.wenxt.com\/index.php\/wp-json\/wp\/v2\/types\/page"}],"author":[{"embeddable":true,"href":"https:\/\/www.wenxt.com\/index.php\/wp-json\/wp\/v2\/users\/1"}],"replies":[{"embeddable":true,"href":"https:\/\/www.wenxt.com\/index.php\/wp-json\/wp\/v2\/comments?post=1051"}],"version-history":[{"count":0,"href":"https:\/\/www.wenxt.com\/index.php\/wp-json\/wp\/v2\/pages\/1051\/revisions"}],"wp:attachment":[{"href":"https:\/\/www.wenxt.com\/index.php\/wp-json\/wp\/v2\/media?parent=1051"}],"curies":[{"name":"wp","href":"https:\/\/api.w.org\/{rel}","templated":true}]}}